 w - 1100, 1828 = 4*w - 3*b - 2538. Calculate the greatest common factor of w and 872.
218
Let h(o) = 3*o**2 - 2*o**2 - 135 + 143. Let i be h(0). Suppose -11*t + 23 - 1 = 0. Calculate the greatest common factor of t and i.
2
Let f = -153 + 522. Suppose -2*g + 6*m + 82 = 0, 30*g - 33*g + 123 = -m. Calculate the highest common factor of f and g.
41
Let m = -1898 - -2382. Calculate the highest common factor of m and 176.
44
Suppose -6*j - 142 = -2074. Suppose 0 = -2*f - 0*f + 92. What is the highest common factor of j and f?
46
Suppose -t = m - 3*t - 13, -6 = -2*m - t. Suppose m*d - d - 44 = 0. Suppose 41 = 2*l + d. Calculate the highest common factor of l and 15.
15
Suppose 2*q - l = 7*q - 3099, -3*q + 1859 = l. Calculate the highest common factor of q and 160.
20
Let h be 2 - -25 - (-16)/(-4). Let v be h/(805/42)*5. Calculate the highest common divisor of v and 11.
1
Suppose 6*t - 54 = 7*t. Let x = -36 - t. Suppose -4*n + x = -50. Calculate the highest common divisor of n and 85.
17
Suppose 1153 = -4*h - u - 0*u, -3*h + 2*u - 851 = 0. Let z = 325 + h. What is the highest common factor of z and 608?
38
Let t be ((-36)/15)/((-12)/(-40)) - -2. Let w be 3*(t - (-125)/15). Calculate the greatest common factor of 175 and w.
7
Suppose -154 = 3*g - 163. Suppose g*z + 13 = 112. Calculate the greatest common divisor of 12 and z.
3
Let d be (-5)/(-15) - (-156)/(-9). Let r be 189/17 + -2 + (-32)/d. Calculate the greatest common factor of 1 and r.
1
Suppose 0 = -52*l + 13*l - 32*l + 8662. What is the highest common divisor of 1159 and l?
61
Let o be (108/15 - -4)*45*32/48. Calculate the highest common factor of o and 132.
12
Let i(b) = b**2 - 5*b + 4. Let y = 153 + -94. Suppose 23 = -4*h + y. Let c be i(h). Calculate the highest common divisor of c and 16.
8
Suppose -b + 3*b = -64. Let m = b + 78. Suppose 1061 = -10*o + 4281. What is the highest common divisor of m and o?
46
Suppose 3 = -3*h, 0*x = 2*x + h - 159. Suppose s = 26*s + 50. Let a be s/4*(-22 - -2). Calculate the greatest common factor of x and a.
10
Let t(k) = 7*k**2 - 6*k - 24. Let s be t(7). Let z = s + -271. Suppose 2*a + f - 34 = 2*f, -3*a + 62 = 4*f. Calculate the greatest common factor of z and a.
6
Let i(d) = 21*d**2 + 5*d - 36. Let c be i(-4). What is the greatest common factor of 8260 and c?
140
Let p = 171 + -168. Suppose p*j = j + 5*n + 620, 4*j + 5*n = 1270. What is the highest common factor of 70 and j?
35
Suppose -113*k + 125*k - 2952 = 0. Calculate the highest common factor of k and 66.
6
Let b(k) = 12*k**2 - 19*k + 37. Let f be b(3). Let y(v) = -v - 9. Let i be y(-7). Let z be i/6 - 50/(-6). Calculate the greatest common divisor of f and z.
8
Suppose -3 = 9*y + 24. Let b(t) = -t**3 - t**2 + 5*t + 8. Let p be b(y). What is the highest common divisor of p and 341?
11
Suppose 5*f - 4*j = 156, -2*f - 156 = j - 221. What is the greatest common divisor of f and 1480?
8
Let q(l) = -l - 10. Let p be q(-15). Let j(u) = 253*u**3 + u**2 + 2*u. Let d be j(-1). Let x = -214 - d. What is the highest common divisor of x and p?
5
Let k be 19 + 1 + (-4)/(-2). Let g = k + -8. Let j(a) = 3*a**3 + 17*a**2 - 8. Let n be j(-5). Calculate the highest common divisor of g and n.
14
Suppose -3*o + 4 = 4*d - 19, 35 = 5*d + 5*o. Suppose -j + 4*v = -2*j + 116, -2*j - d*v + 208 = 0. Calculate the greatest common divisor of 4 and j.
4
Suppose -13 - 11 = -4*w. Suppose 7*t - 432 = w*t. What is the greatest common divisor of 8 and t?
8
Suppose -44*g - 37*g + 92*g - 594 = 0. What is the greatest common factor of 7380 and g?
18
Let k(l) = -119*l - 656. Let j be k(-6). Suppose 4*w + 1466 = 5*d, 0 = -3*d + 7*d + 2*w - 1152. Calculate the greatest common factor of j and d.
58
Let s(t) = -10*t**2 - 224*t + 186. Let n be s(-20). What is the greatest common factor of 90 and n?
18
Let b be (6/(-2))/(3/(-4)). Suppose -b*d + c = -444, 0 = c + c - 8. Suppose 0 = -3*a - a + d. Calculate the highest common factor of a and 112.
28
Let f(p) = 5*p + 32. Let n be f(-6). Suppose 5*a = 5*o + 25, -n*o - 18 - 1 = -5*a. Let j be 9/2*o/(-3). Calculate the greatest common divisor of j and 12.
3
Let i(h) = 3*h**2 - 1452*h + 15798. Let y be i(11). Let g = 104 - 50. What is the highest common divisor of y and g?
27
Suppose 3*h - 5*h + 10 = 0, u = h + 151. Suppose -5*p = -2*z - 199, -4*p - 2*z + 102 = -50. What is the greatest common divisor of u and p?
39
Let y = -252 + 260. Calculate the highest common factor of 1720 and y.
8
Let x(q) = -12*q - 435. Let d be x(-39). Calculate the greatest common divisor of d and 264.
33
Let r = 26 + -21. Suppose 5*z - 2*t - 156 = 0, -23*t = -r*z - 27*t + 138. Calculate the greatest common divisor of 510 and z.
30
Let s = 2991 - -1383. What is the highest common factor of s and 162?
162
Let i(z) = -55 + 87*z**2 + 55. Let f be i(-1). Suppose 33 = y - 5*q, -207*q = 5*y - 205*q - 300. Calculate the highest common divisor of y and f.
29
Let d = -2803 - -2863. Calculate the greatest common factor of 5340 and d.
60
Let i = 551 - -349. Suppose -8*v = -4*v - i. What is the highest common divisor of 300 and v?
75
Suppose -16*c - 87 = -439. Suppose 0 = 3*s - 212 - c. What is the greatest common divisor of 24 and s?
6
Let d(n) = -1463*n - 4277. Let r be d(-12). What is the highest common factor of r and 98?
49
Let f be (-18767)/21*(-1952)/336 - (-2)/9. What is the highest common divisor of f and 8?
8
Suppose 0 = 4*s - 8. Suppose 6*g - s*g - b = 5, -g = -4*b + 10. Let f be (8 - 28)/((-1)/g). What is the highest common factor of 16 and f?
8
Suppose -3*v + 114348 = 5*r, -3*r - 7761 + 76389 = -3*v. Calculate the highest common factor of r and 12.
12
Let b = 940 - -1692. What is the greatest common divisor of 470 and b?
94
Let b(r) = r**3 + 23*r**2 - 248*r + 16. Let x be b(-31). What is the greatest common factor of 17488 and x?
16
Let f(y) be the first derivative of -1/4*y**4 + 7/2*y**2 - 4/3*y**3 - 14 + 5*y. Let w be f(-6). What is the greatest common factor of 7 and w?
7
Let x = 78 + -74. Suppose -k + 1880 = x*k. Calculate the highest common divisor of k and 47.
47
Let u = -73314 - -73372. Let x = 78 - -676. What is the highest common divisor of u and x?
58
Suppose -148 = -1141*f + 1111*f - 598. Let b(x) = -2*x + 2. Let p be b(2). Let d be (-1745)/50*p + (-3)/f. Calculate the greatest common divisor of 14 and d.
14
Let a be (-1 + 2)*(6 - 3). Suppose 5*i - 2*k = k + 37, 3*i = -3*k + a. Let f(h) = 4*h - 11. Let y be f(3). Calculate the greatest common factor of i and y.
1
Let p be 321 + ((-2)/6)/(6/18). Let b = 340 - p. What is the highest common divisor of b and 690?
10
Suppose 3*c = 4*y + 2034, -1342*c = -1341*c + 2*y - 688. What is the greatest common factor of 1426 and c?
62
Let n = -26565 - -26579. What is the greatest common factor of 93898 and n?
14
Let i = 73079 - 50315. Calculate the greatest common divisor of i and 84.
84
Suppose -334*r + 333*r = -2*t + 292, -3*t + 412 = 5*r. Calculate the highest common factor of t and 234.
18
Suppose -23*v + 15963 = -39751 + 445. What is the highest common divisor of v and 178?
89
Let u be 0 - (-16 + -2 + 3). Let h be 22/8 + 1 + (-70)/40. Let c be 4/(-18) + 230/45*h. What is the greatest common divisor of u and c?
5
Let o be 13 + 2 - (5 - 8). Suppose 2*l + 2*j - 4 = 0, 3*l + 14 = -0*j + 2*j. Let y be 68 + 2 + (l - -4). Calculate the highest common divisor of y and o.
18
Let n(o) = -27*o - 7. Let h be n(-5). Suppose 31 + 11 = 14*t. Suppose -t*a + 21*a = 576. Calculate the greatest common divisor of a and h.
32
Let l(v) = -300*v - 3843. Let j be l(-13). Suppose 3*c + 137 = 6*c - 2*u, u - 2 = 0. Let k = j - c. What is the greatest common divisor of k and 100?
10
Let t = 29 - 35. Let z(o) = -27*o - 2. Let x be z(t). What is the greatest common factor of x and 40?
40
Let l be 3/6*(0 + 0). Suppose -3*j = -3*h - 1071, l*h = 2*h - 8. What is the highest common factor of j and 19?
19
Suppose v = 123 - 122, -3*u = 3*v - 21. Let h(s) = -s**2 - 4*s**2 - s + 14*s**2. Let g be h(3). Calculate the greatest common factor of u and g.
6
Let l = -88 - -230. Let y be (52/(-208))/(0 + (-1)/8). Calculate the highest common factor of l and y.
2
Let d be (-6 - (-6633)/(-2))*26/(-39). What is the greatest common factor of 5 and d?
5
Let u be 4/(-6)*1530/10. Let w be (-3 + 2 - u) + 1*-1. Calculate